Let s be 232074/10 + 164/(-410). What is the greatest common factor of 23 and s?
23
Let v = -46 + 124. Let f be (0 + 0)/2 - (3 - v). Suppose -3*k = 21 - 66. What is the highest common factor of f and k?
15
Suppose -4*r + 7*p - 11*p = 412, -4*p + 344 = -3*r. Let g = r - -127. Let t be (-279)/(-4) + g/76. What is the highest common factor of 14 and t?
14
Let x be ((-1)/((-16)/248))/(9/3294). Calculate the highest common divisor of 279 and x.
93
Let b be (-1)/(-3) + 14/(126/15). Suppose 0 = -2*r - 5 + 13. Let o be r/18*-150*(-3)/2. What is the greatest common divisor of o and b?
2
Let q(v) = 15*v**2 - 15*v - 22. Let o = -291 + 283. Let k be q(o). What is the greatest common factor of 23 and k?
23
Let r = -115 - -115. Suppose 4*x + 4*l - 112 = r, 2*x - 71 + 1 = 5*l. Calculate the highest common divisor of 210 and x.
30
Let h(q) = -22*q + 5. Let t be h(-5). Let j = -1446 - -1710. Let m = -241 + j. What is the highest common factor of m and t?
23
Suppose 4*o + 248 = 5*x, -4*o + 40 = 2*x - 76. Let l(z) = z**3 - z**2 - 2*z + 234. Let b be l(0). What is the highest common divisor of b and x?
26
Let g be ((-20)/35)/(4/(-28)). Suppose 5*z - 2*z - 15 = 0, 0 = 2*y + 5*z - 55. Suppose -y*i = -7*i - 224. Calculate the highest common factor of g and i.
4
Let d be (-2)/(-4)*10 - 1. Suppose -d*o - o = -o. Let b be o/(-2) + (-2 - -168 - 6). What is the highest common factor of b and 20?
20
Let g = 0 - -18. Let h be -2*(-1)/6 - (-136052)/(-339). Let u = 446 + h. Calculate the highest common factor of u and g.
9
Suppose 2*n - 25 = 5*m, 0 = -3*n + 2*m + 3*m + 45. Let h be 48/20*n*3/12. Calculate the greatest common divisor of h and 10.
2
Let c be (20/(-15))/((-8)/(-24)). Let d be 80/(4/1) - (6 + c). Calculate the greatest common divisor of d and 18.
18
Let y = -1642 + 1948. Calculate the greatest common divisor of 522 and y.
18
Let i be 20052/144 + (-3)/12 - 9. What is the highest common divisor of 21060 and i?
130
Let z be -5*((-2)/7 + (-36)/70). Suppose -4*a - a - 169 = z*l, -4*l + a - 187 = 0. Let j = l + 51. Calculate the highest common divisor of 5 and j.
5
Let f = -4015 + 4016. Calculate the highest common divisor of 43 and f.
1
Let d be -3 - -1 - 1*-13. Suppose 6*v - 953 = 631. Let x be (54/24)/(9/v). What is the highest common factor of d and x?
11
Suppose 4302*k - 4290*k = 51264. What is the greatest common divisor of 48 and k?
48
Let u = 47 + -40. Let l(a) = a**3 + 21*a**2 + 45*a - 43. Let q be l(-18). What is the highest common divisor of u and q?
7
Let r be 564 + -2 + (-8 - -2) + 8. Calculate the greatest common divisor of 60 and r.
12
Suppose -42*k + 40*k - 5*w = -88, 0 = w. What is the highest common factor of 55 and k?
11
Suppose 3*p = 5*h - 9062, 2*p - 4480 + 13543 = 5*h. Suppose -27*f = -1103 - h. Calculate the highest common divisor of 288 and f.
36
Let b(t) = -20*t - 12. Let p be b(-3). Suppose 0 = 42*x - 47*x + 150. Calculate the greatest common divisor of p and x.
6
Suppose -9*o - 9*o + 2210 = -5*o. Calculate the greatest common factor of o and 1770.
10
Suppose -10982 = -9*o + 8116. Let v = -882 + o. What is the greatest common factor of 40 and v?
40
Let p = 142284 - 142176. Suppose 4*q + 4*h = 0, -14 = -4*q + 7*q - 4*h. Let o be (0 - 2)/(q/12). What is the highest common factor of o and p?
12
Let c be (-15840)/(-35) + -1 + 8/(-14). Suppose -2*n + 5*d + c = n, -n + 145 = d. What is the highest common factor of n and 63?
21
Let a = 490 + -494. Let u(i) = -9*i**3 + 3*i**2 - 2*i - 2. Let z be u(a). Calculate the greatest common factor of 18 and z.
18
Let z be (45/6)/(-5) - (4 - 387/6). Let x(g) = -157*g + 1. Let v be x(-3). What is the greatest common divisor of z and v?
59
Let r(y) = -y**2 - 10*y - 7. Let j be r(-9). Let x be (52/(-6))/((-5)/30*j). What is the greatest common factor of x and 403?
13
Let h = -6 + 11. Suppose -z = -h*l - 94, 0 = -5*z + 4*z + 2*l + 91. Suppose -329 = -12*n - z. What is the greatest common factor of n and 20?
20
Let v(x) = 4*x**3 + 253*x**2 + 65*x + 156. Let o be v(-63). Calculate the greatest common divisor of o and 21990.
30
Let a be (-12)/(-2) - (9 - 6 - 145). Calculate the greatest common factor of 111 and a.
37
Let d(y) = 3*y**2 + 20*y + 85. Let x be d(-6). Calculate the highest common factor of 11753 and x.
73
Let a(n) = n**2 - 40*n - 1112. Let v be a(-29). Let g be (-2 - -2 - -1)*7. Calculate the greatest common factor of g and v.
7
Let s = 386 + -307. What is the greatest common divisor of s and 1817?
79
Let q = -11 + 24. Let i(g) = 1 + 0*g - 5*g + g + q*g**2. Let t be i(1). What is the highest common factor of t and 70?
10
Let r(v) = -4*v**2 - 117*v - 21. Let u(x) = 7*x - 1. Let i be u(-4). Let o be r(i). Calculate the greatest common factor of o and 712.
8
Suppose 5*d = -0*d + 135. Let t(n) = -32*n + 267. Let o be t(16). Let s = -110 - o. Calculate the greatest common divisor of d and s.
27
Suppose -5*k + 4*k = -5, 2*f = 2*k - 2. Suppose y = -1 + f. Let x(d) = d**3 - 7*d**2 - 43*d + 7. Let g be x(-4). What is the greatest common divisor of g and y?
3
Let k(j) = 34*j**2 - 13*j - 7. Let u be 1*(-6)/(-15)*-10. Let o be k(u). Calculate the highest common factor of o and 19.
19
Suppose 82*h - 4080 - 84813 = -6811. What is the greatest common factor of 819 and h?
91
Let l(c) = -c**2 - c + 13. Let d be l(-4). Let p be (82*d)/(11/22). Let u = p + -76. What is the highest common factor of u and 8?
8
Let p = -10 + 12. Suppose -p*z + 9 = -21. Let a(k) = k**3 + 24*k**2 + 66*k + 649. Let x be a(-22). Calculate the greatest common divisor of z and x.
15
Suppose -5*f - 2*a = -2*f - 127, 2*f - 98 = 2*a. Suppose 123*k - 114*k = f. Let h = -12 + 62. Calculate the greatest common factor of h and k.
5
Let v be 9/((-63)/70)*(-3)/(-6). Let i be 5 + -7 + (11 - v). What is the greatest common divisor of i and 22?
2
Let p = -207 - -80. Let j = 150 + p. Calculate the greatest common factor of 184 and j.
23
Let p(h) = 230*h - 377. Let z be p(6). Calculate the greatest common factor of z and 177.
59
Let u be (-2)/(-2) + 8 + 1062 + -868. Calculate the greatest common divisor of 931 and u.
7
Suppose 0 = 49*y - 378817 - 104372. What is the greatest common divisor of y and 57?
57
Let w(g) = -4*g**2 - 70*g + 21. Let k be w(-8). Calculate the highest common factor of 585 and k.
65
Let n(i) = 2*i**3 + 23*i**2 - 15*i - 24. Let o be n(-12). Calculate the greatest common divisor of o and 9012.
12
Let y(h) = -h**2 - 13*h + 528. Let s be y(17). Calculate the highest common factor of s and 750.
6
Let o = 1009 - 972. Let d = -364 - -771. What is the highest common divisor of o and d?
37
Suppose -5*h = -3*r - r + 525, -3*r = h - 370. Let t = 1007 - 932. What is the highest common divisor of r and t?
25
Let j = -15 + 19. Suppose j*w = 5 + 7. Suppose -35 = -w*f + 91. What is the greatest common factor of 6 and f?
6
Let a = 128132 + -75692. What is the highest common divisor of 190 and a?
190
Let n(y) = -16*y - 3. Let h be n(-1). Suppose 108 = h*k - 4*k. Let j(g) = -g**3 + 7*g**2 - 6*g + 6. Let d be j(6). What is the highest common factor of d and k?
6
Suppose 10208 = -14*z + 18*z. Suppose z = 4*c + 2*k, -13*k + 14*k - 2556 = -4*c. Calculate the greatest common divisor of 20 and c.
20
Suppose 0 = -33*c - 2211 + 9735. Calculate the greatest common divisor of c and 1026.
114
Let o = -20 - -41. Let a = 1052 + -1012. Let r be ((-672)/a)/((-4)/20). What is the greatest common factor of o and r?
21
Let c be (-3)/(3 + 0)*5 - -30. Suppose 0 = 9*r + c - 187. Suppose 0 = 3*s - 141 - 21. Calculate the greatest common divisor of s and r.
18
Let g = -9161 - -9417. Let w(r) = 6*r**2 - r. Let u be w(-1). Let p be (-1356)/(-42) + (-2)/u. Calculate the highest common factor of p and g.
32
Let s = 34 - 34. Suppose 0*o - 2*o + 5*d - 11 = s, -9 = -3*d. Suppose o*y = 7*y - 45. Calculate the greatest common factor of 45 and y.
9
Let c = -6 + 11. Let h = -3 + c. Suppose -4*o = -w + 41, 4*w + h*o - 163 - 37 = 0. Calculate the greatest common factor of w and 7.
7
Suppose 0 = -46*c + 26*c + 92620. What is the highest common factor of c and 11?
11
Let k(h) = -2*h + 64. Let n be k(26). Let c be (n/(-10))/(-4 - 1556/(-390)). Calculate the greatest common divisor of c and 9.
9
Let s be 12/6 - 8 - -13. Suppose 138 = 4*j + z, z + 37 = 4*j - 3*j. Let k = j - 14. Calculate the hig